{"id":59,"date":"2020-12-21T15:37:37","date_gmt":"2020-12-21T14:37:37","guid":{"rendered":"http:\/\/vousaider.fr\/?page_id=59"},"modified":"2020-12-31T18:57:16","modified_gmt":"2020-12-31T17:57:16","slug":"mes-prestations","status":"publish","type":"page","link":"https:\/\/vousaider.fr\/?page_id=59","title":{"rendered":"Mes prestations"},"content":{"rendered":"\n<p>Que vous en ayez <span class=\"has-inline-color has-vivid-red-color\">besoin<\/span> ou tout simplement <span class=\"has-inline-color has-vivid-red-color\">envie<\/span>, je vous propose un accompagnement partiel ou global.<\/p>\n\n\n\n<p>Je vous propose mes services d&#8217;entretien de votre domicile : qu&#8217;il s&#8217;agisse de <strong>l&#8217;entretien des ext\u00e9rieurs<\/strong> (par la tonte du gazon, la taille des haies ou l&#8217;entretien de votre jardin) <strong>ou de l&#8217;int\u00e9rieur par la r\u00e9alisation de petits travaux de bricolage<\/strong> (changement d&#8217;un robinet, d&#8217;un lustre, d&#8217;une prise \u00e9lectrique, petit coup de peinture, etc &#8230;).<\/p>\n\n\n\n<p>Je vous propose \u00e9galement mon <strong>aide pour la partie administrative<\/strong> de votre quotidien : d\u00e9clarations fiscales ou sociales (S\u00e9curit\u00e9 sociale, mutuelles, caisses de retraite &#8230;), r\u00e9daction de courriers ou de dossiers administratifs.<\/p>\n\n\n\n<p>Mon objectif est vraiment d&#8217;<strong><em><span class=\"has-inline-color has-vivid-red-color\">accompagner les personnes dans la globalit\u00e9, de leur faciliter leur quotidien<\/span><\/em><\/strong>. <strong>Par une relation d&#8217;\u00e9changes et de confiance, par une relation directe et privil\u00e9gi\u00e9e, je tiens \u00e0 proposer une assistance personnalis\u00e9e et adapt\u00e9e, de soutien et d&#8217;appui. <\/strong><\/p>\n\n\n\n<p>Signer un simple contrat de prestataire de services est une bonne chose &#8230; mais s&#8217;engager dans une relation de confiance est le sens que je souhaite donner \u00e0 mon activit\u00e9.<\/p>\n\n\n\n<p><\/p>\n","protected":false},"excerpt":{"rendered":"<p>Que vous en ayez besoin ou tout simplement envie, je vous propose un accompagnement partiel ou global. Je vous propose mes services d&#8217;entretien de votre domicile : qu&#8217;il s&#8217;agisse de l&#8217;entretien des ext\u00e9rieurs (par la tonte du gazon, la taille des haies ou l&#8217;entretien de votre jardin) ou de l&#8217;int\u00e9rieur par la r\u00e9alisation de petits [&hellip;]<\/p>\n","protected":false},"author":1,"featured_media":0,"parent":0,"menu_order":0,"comment_status":"closed","ping_status":"closed","template":"","meta":[],"_links":{"self":[{"href":"https:\/\/vousaider.fr\/index.php?rest_route=\/wp\/v2\/pages\/59"}],"collection":[{"href":"https:\/\/vousaider.fr\/index.php?rest_route=\/wp\/v2\/pages"}],"about":[{"href":"https:\/\/vousaider.fr\/index.php?rest_route=\/wp\/v2\/types\/page"}],"author":[{"embeddable":true,"href":"https:\/\/vousaider.fr\/index.php?rest_route=\/wp\/v2\/users\/1"}],"replies":[{"embeddable":true,"href":"https:\/\/vousaider.fr\/index.php?rest_route=%2Fwp%2Fv2%2Fcomments&post=59"}],"version-history":[{"count":2,"href":"https:\/\/vousaider.fr\/index.php?rest_route=\/wp\/v2\/pages\/59\/revisions"}],"predecessor-version":[{"id":116,"href":"https:\/\/vousaider.fr\/index.php?rest_route=\/wp\/v2\/pages\/59\/revisions\/116"}],"wp:attachment":[{"href":"https:\/\/vousaider.fr\/index.php?rest_route=%2Fwp%2Fv2%2Fmedia&parent=59"}],"curies":[{"name":"wp","href":"https:\/\/api.w.org\/{rel}","templated":true}]}}