{"id":57,"date":"2020-12-21T15:20:10","date_gmt":"2020-12-21T14:20:10","guid":{"rendered":"http:\/\/vousaider.fr\/?page_id=57"},"modified":"2020-12-21T15:20:10","modified_gmt":"2020-12-21T14:20:10","slug":"les-services-a-la-personne","status":"publish","type":"page","link":"https:\/\/vousaider.fr\/?page_id=57","title":{"rendered":"Les &#8220;Services \u00e0 la personne&#8221;"},"content":{"rendered":"\n<p>D\u00e9clar\u00e9 en tant que prestataire de &#8220;Services \u00e0 la personne&#8221;, je vous propose une large gamme de prestations visant \u00e0 vous aider dans la gestion de vos t\u00e2ches quotidiennes \u00e0 votre domicile.<\/p>\n\n\n\n<p>Les Services \u00e0 la personne sont une activit\u00e9 r\u00e9glement\u00e9e et encadr\u00e9e par L\u2019\u00c9tat. En effet, les frais engag\u00e9s par un contribuable permettent de b\u00e9n\u00e9ficier d&#8217;un cr\u00e9dit d&#8217;imp\u00f4t ou d&#8217;une r\u00e9duction (selon sa situation) de 50%. <\/p>\n\n\n\n<p>Les Services \u00e0 la personne sont &#8220;un ensemble de services, exerc\u00e9s \u00e0 domicile, qui permettent :<\/p>\n\n\n\n<ul><li>D&#8217;assurer un \u00e9quilibre entre vie de famille et vie professionnelle<\/li><li>De d\u00e9l\u00e9guer certaines t\u00e2ches r\u00e9currentes du quotidien<\/li><li>D&#8217;accompagner et de faire assister ses proches, enfants, personnes \u00e2g\u00e9es ou handicap\u00e9es, ou personnes ayant besoin d&#8217;une aide temporaire.&#8221;<\/li><\/ul>\n\n\n\n<p>La liste des activit\u00e9s (21) est fix\u00e9e par le code du travail : article D.7231-1, et est r\u00e9partie entre <strong>les services de la vie quotidienne <\/strong>(Entretien de la maison et travaux m\u00e9nagers, petits travaux de jardinage, travaux de petit bricolage, livraison de courses \u00e0 domicile, etc &#8230;), <strong>les services d&#8217;assistance et d&#8217;accompagnement<\/strong> (assistance aux personnes \u00e2g\u00e9es, handicap\u00e9es, accompagnement des personnes ayant besoin temporairement d&#8221;une aide personnelle \u00e0 leur domicile ou dans leurs d\u00e9placements, etc &#8230;) et <strong>les services aux familles<\/strong> (Assistance administrative, soutien scolaire, assistance informatique, garde d&#8217;enfants \u00e0 domicile, etc &#8230;).<\/p>\n\n\n\n<p><\/p>\n\n\n\n<p>Comme vous le voyez, les services \u00e0 la personne s&#8217;adressent aux <em><strong>personnes en besoin d&#8217;accompagnement <\/strong><\/em>(personnes \u00e2g\u00e9es ou handicap\u00e9es, ou ayant besoin provisoirement d&#8217;une assistance &#8211; hospitalisation ou op\u00e9ration par exemple) ; mais, contrairement aux id\u00e9es re\u00e7ues, ils s&#8217;adressent aussi \u00e0 un grand public : les personnes &#8220;ne sachant pas faire&#8221; ou celles qui souhaitent tout simplement <strong><em>se donner un peu de temps<\/em><\/strong> pour elles &#8230;<\/p>\n\n\n\n<p><\/p>\n","protected":false},"excerpt":{"rendered":"<p>D\u00e9clar\u00e9 en tant que prestataire de &#8220;Services \u00e0 la personne&#8221;, je vous propose une large gamme de prestations visant \u00e0 vous aider dans la gestion de vos t\u00e2ches quotidiennes \u00e0 votre domicile. Les Services \u00e0 la personne sont une activit\u00e9 r\u00e9glement\u00e9e et encadr\u00e9e par L\u2019\u00c9tat. En effet, les frais engag\u00e9s par un contribuable permettent de [&hellip;]<\/p>\n","protected":false},"author":1,"featured_media":0,"parent":0,"menu_order":0,"comment_status":"closed","ping_status":"closed","template":"","meta":[],"_links":{"self":[{"href":"https:\/\/vousaider.fr\/index.php?rest_route=\/wp\/v2\/pages\/57"}],"collection":[{"href":"https:\/\/vousaider.fr\/index.php?rest_route=\/wp\/v2\/pages"}],"about":[{"href":"https:\/\/vousaider.fr\/index.php?rest_route=\/wp\/v2\/types\/page"}],"author":[{"embeddable":true,"href":"https:\/\/vousaider.fr\/index.php?rest_route=\/wp\/v2\/users\/1"}],"replies":[{"embeddable":true,"href":"https:\/\/vousaider.fr\/index.php?rest_route=%2Fwp%2Fv2%2Fcomments&post=57"}],"version-history":[{"count":1,"href":"https:\/\/vousaider.fr\/index.php?rest_route=\/wp\/v2\/pages\/57\/revisions"}],"predecessor-version":[{"id":58,"href":"https:\/\/vousaider.fr\/index.php?rest_route=\/wp\/v2\/pages\/57\/revisions\/58"}],"wp:attachment":[{"href":"https:\/\/vousaider.fr\/index.php?rest_route=%2Fwp%2Fv2%2Fmedia&parent=57"}],"curies":[{"name":"wp","href":"https:\/\/api.w.org\/{rel}","templated":true}]}}